{"id":2,"date":"2023-01-19T07:56:42","date_gmt":"2023-01-19T07:56:42","guid":{"rendered":"https:\/\/haebler.deutsch-kst.ch\/?page_id=2"},"modified":"2023-01-30T15:48:07","modified_gmt":"2023-01-30T15:48:07","slug":"sample-page","status":"publish","type":"page","link":"https:\/\/haebler.deutsch-kst.ch\/","title":{"rendered":"Texte zur Kindheit"},"content":{"rendered":"\n<p class=\"wp-block-paragraph\">\u201eDie eine der beiden Volieren diente uns sp\u00e4ter als Sandkasten. Hier buken wir Stangenbrote und Gugelh\u00f6pfe, bauten wir Schl\u00f6sser, die Ritterburg, gruben wir uns auf den Erdmittelpunkt zu.<\/p>\n\n\n\n<p class=\"wp-block-paragraph\">Und setzten wir am Tag nach der Sonntagsschule die Sintflut in Gang.\u201c<\/p>\n\n\n\n<p class=\"wp-block-paragraph\">(Aus Klaus Merz: Jakob schl\u00e4ft)<\/p>\n\n\n\n<figure class=\"wp-block-image size-full\"><img loading=\"lazy\" decoding=\"async\" width=\"360\" height=\"600\" src=\"https:\/\/haebler.deutsch-kst.ch\/wp-content\/uploads\/2023\/01\/jakob-schlaeft-taschenbuch-klaus-merz.jpeg\" alt=\"\" class=\"wp-image-38\" srcset=\"https:\/\/haebler.deutsch-kst.ch\/wp-content\/uploads\/2023\/01\/jakob-schlaeft-taschenbuch-klaus-merz.jpeg 360w, https:\/\/haebler.deutsch-kst.ch\/wp-content\/uploads\/2023\/01\/jakob-schlaeft-taschenbuch-klaus-merz-180x300.jpeg 180w\" sizes=\"auto, (max-width: 360px) 100vw, 360px\" \/><\/figure>\n\n\n\n<p class=\"wp-block-paragraph\"><\/p>\n\n\n\n<p class=\"wp-block-paragraph\"><\/p>\n\n\n<div class=\"wp-block-post-author\"><div class=\"wp-block-post-author__avatar\"><img alt='' src='https:\/\/secure.gravatar.com\/avatar\/2f56963aa283969b66217ca9fb3ffc508a356dc708dce5d841151c5c720f3e00?s=48&#038;d=mm&#038;r=g' srcset='https:\/\/secure.gravatar.com\/avatar\/2f56963aa283969b66217ca9fb3ffc508a356dc708dce5d841151c5c720f3e00?s=96&#038;d=mm&#038;r=g 2x' class='avatar avatar-48 photo' height='48' width='48' \/><\/div><div class=\"wp-block-post-author__content\"><p class=\"wp-block-post-author__name\">admin<\/p><\/div><\/div>\n\n\n<p class=\"wp-block-paragraph\"><strong>Autoren und Autorinnen: <\/strong>&nbsp;&nbsp;&nbsp;<\/p>\n\n\n\n<p class=\"wp-block-paragraph\">23 Sch\u00fclerInnen der Klasse xy der Kantonsschule Stadelhofen<\/p>\n\n\n\n<p class=\"wp-block-paragraph\">Ein kleines Schreibprojekt im Rahmen des Deutschunterrichts bei Anna Haebler Fr\u00fchling 2023.<\/p>\n","protected":false},"excerpt":{"rendered":"<p>\u201eDie eine der beiden Volieren diente uns sp\u00e4ter als Sandkasten. Hier buken wir Stangenbrote und Gugelh\u00f6pfe, bauten wir Schl\u00f6sser, die Ritterburg, gruben wir uns auf den Erdmittelpunkt zu. Und setzten wir am Tag nach der Sonntagsschule die Sintflut in Gang.\u201c &hellip; <a href=\"https:\/\/haebler.deutsch-kst.ch\/\">Weiterlesen <span class=\"meta-nav\">&rarr;<\/span><\/a><\/p>\n","protected":false},"author":1,"featured_media":0,"parent":0,"menu_order":0,"comment_status":"closed","ping_status":"open","template":"","meta":{"footnotes":""},"class_list":["post-2","page","type-page","status-publish","hentry"],"_links":{"self":[{"href":"https:\/\/haebler.deutsch-kst.ch\/index.php?rest_route=\/wp\/v2\/pages\/2","targetHints":{"allow":["GET"]}}],"collection":[{"href":"https:\/\/haebler.deutsch-kst.ch\/index.php?rest_route=\/wp\/v2\/pages"}],"about":[{"href":"https:\/\/haebler.deutsch-kst.ch\/index.php?rest_route=\/wp\/v2\/types\/page"}],"author":[{"embeddable":true,"href":"https:\/\/haebler.deutsch-kst.ch\/index.php?rest_route=\/wp\/v2\/users\/1"}],"replies":[{"embeddable":true,"href":"https:\/\/haebler.deutsch-kst.ch\/index.php?rest_route=%2Fwp%2Fv2%2Fcomments&post=2"}],"version-history":[{"count":9,"href":"https:\/\/haebler.deutsch-kst.ch\/index.php?rest_route=\/wp\/v2\/pages\/2\/revisions"}],"predecessor-version":[{"id":42,"href":"https:\/\/haebler.deutsch-kst.ch\/index.php?rest_route=\/wp\/v2\/pages\/2\/revisions\/42"}],"wp:attachment":[{"href":"https:\/\/haebler.deutsch-kst.ch\/index.php?rest_route=%2Fwp%2Fv2%2Fmedia&parent=2"}],"curies":[{"name":"wp","href":"https:\/\/api.w.org\/{rel}","templated":true}]}}

<p class="wp-block-paragraph">„Die eine der beiden Volieren diente uns später als Sandkasten. Hier buken wir Stangenbrote und Gugelhöpfe, bauten wir Schlösser, die Ritterburg, gruben wir uns auf den Erdmittelpunkt zu.</p>



<p class="wp-block-paragraph">Und setzten wir am Tag nach der Sonntagsschule die Sintflut in Gang.“</p>



<p class="wp-block-paragraph">(Aus Klaus Merz: Jakob schläft)</p>



<figure class="wp-block-image size-full"><img loading="lazy" decoding="async" width="360" height="600" src="https://haebler.deutsch-kst.ch/wp-content/uploads/2023/01/jakob-schlaeft-taschenbuch-klaus-merz.jpeg" alt="" class="wp-image-38" srcset="https://haebler.deutsch-kst.ch/wp-content/uploads/2023/01/jakob-schlaeft-taschenbuch-klaus-merz.jpeg 360w, https://haebler.deutsch-kst.ch/wp-content/uploads/2023/01/jakob-schlaeft-taschenbuch-klaus-merz-180x300.jpeg 180w" sizes="auto, (max-width: 360px) 100vw, 360px" /></figure>



<p class="wp-block-paragraph"></p>



<p class="wp-block-paragraph"></p>


<div class="wp-block-post-author"><div class="wp-block-post-author__avatar"><img alt='' src='https://secure.gravatar.com/avatar/2f56963aa283969b66217ca9fb3ffc508a356dc708dce5d841151c5c720f3e00?s=48&#038;d=mm&#038;r=g' srcset='https://secure.gravatar.com/avatar/2f56963aa283969b66217ca9fb3ffc508a356dc708dce5d841151c5c720f3e00?s=96&#038;d=mm&#038;r=g 2x' class='avatar avatar-48 photo' height='48' width='48' /></div><div class="wp-block-post-author__content"><p class="wp-block-post-author__name">admin</p></div></div>


<p class="wp-block-paragraph"><strong>Autoren und Autorinnen: </strong>&nbsp;&nbsp;&nbsp;</p>



<p class="wp-block-paragraph">23 SchülerInnen der Klasse xy der Kantonsschule Stadelhofen</p>



<p class="wp-block-paragraph">Ein kleines Schreibprojekt im Rahmen des Deutschunterrichts bei Anna Haebler Frühling 2023.</p>

<p>„Die eine der beiden Volieren diente uns später als Sandkasten. Hier buken wir Stangenbrote und Gugelhöpfe, bauten wir Schlösser, die Ritterburg, gruben wir uns auf den Erdmittelpunkt zu. Und setzten wir am Tag nach der Sonntagsschule die Sintflut in Gang.“ &hellip; <a href="https://haebler.deutsch-kst.ch/">Weiterlesen <span class="meta-nav">&rarr;</span></a></p>
